**3 - 1. Calculate y(o).
0
Let m(u) = 2 - 3 - 2*u + 2*u**3 - 4*u**3 - u**2. Suppose -2*i + 7*i = 0. Suppose i = 4*s + 4. Calculate m(s).
2
Let l(n) = -4*n**3 - 9*n**2 - n + 6. Let m(s) = -7*s**3 - 17*s**2 - s + 13. Let d(t) = -5*l(t) + 3*m(t). What is d(-6)?
-3
Let w = -2 - -5. Suppose 7*d - w*d + 12 = 0. Let t(h) = 0*h**2 - 4 + 0 + 4*h**2 + h**3 + h. Determine t(d).
2
Let l(o) = -o**3 - 5*o**2 - 3*o - 1. Let j(b) = -b. Let s = -1 + 0. Let z(d) = s*l(d) + 2*j(d). Let t = 2 - 7. Determine z(t).
-4
Let z = -6 + 1. Let j(k) be the first derivative of k**3/6 + k - 3. Let i(q) be the first derivative of j(q). What is i(z)?
-5
Suppose 5*d + 9 = 2*d. Let l(q) = 4*q + 2. Calculate l(d).
-10
Let c(l) = 4*l + l**2 + 0 + 2 + 2*l**2 + 0*l**2. What is c(-2)?
6
Let m(w) be the second derivative of -w**4/12 - w**3 - 2*w**2 - w. Suppose -3*b = -b + 3*l + 25, 5*l = -4*b - 45. Give m(b).
1
Let v(x) = -x**2 + 12*x - 12. Let n = -13 - -21. Let a be v(n). Suppose 2*g = 7*g + a. Let q(m) = m**3 + 4*m**2 + 2*m + 3. Determine q(g).
-5
Let h(k) = 2 - 2*k**2 - 10*k + 2*k + 5 + 0. Let q = 5 - 2. Let j(f) = -3*f**2 - 15*f + 13. Let y(z) = q*j(z) - 5*h(z). Determine y(4).
0
Let l(n) = -n**3 - 3*n**2 - 2*n - 2. Let d be l(-2). Let v be d/3 + 16/6. Let s(m) = -v*m - 5*m + m. Determine s(-1).
6
Let n(a) be the third derivative of -a**6/360 - a**5/40 + a**4/6 - a**3/3 - 9*a**2. Let p(t) be the first derivative of n(t). Calculate p(-3).
4
Let x(c) = -5*c - 1. Suppose 5*t - 5*u = 135, -117 = -5*t + u - 2*u. Suppose 0 = -3*p + 6. Suppose s + t = 5*j, j + 1 = p*s + 4. What is x(s)?
-6
Let o(c) be the third derivative of -2*c**2 - 1/60*c**5 - 1/6*c**3 + 0*c + 0 - 1/6*c**4. Let x(q) be the first derivative of o(q). Determine x(-3).
2
Let n(m) = 108*m**2 + 0*m - 4*m - 107*m**2. Let z be 1 + (0/2)/(-1). Let x(k) = 3*k**2 - k + 1. Let b be x(z). Give n(b).
-3
Suppose -s + 5*c - 21 = 1, 2*c - 22 = -4*s. Let y(z) = -s*z + 2 + 4*z + 31*z**2 - 29*z**2. What is y(-2)?
8
Let l(c) = c**3 - 2*c + 1. Let j = -23 + 24. What is l(j)?
0
Let p = 0 + 1. Suppose 5*v - 4 = 3*d, 3*v + 2*d - 8 = d. Let l(f) = -f**2 + 0*f**2 + 2*f**v - 3*f**3 - 1. What is l(p)?
-3
Let t(a) = a**3 + a. Let l(b) = 10*b**3 + 4*b**2 + 8*b + 2. Let w(u) = l(u) - 12*t(u). Determine w(2).
-6
Let b(o) be the second derivative of -1/6*o**3 - 3/2*o**2 + 0 - 3*o. Calculate b(-3).
0
Let i(t) = 3*t - 2 + 5*t - t**2 - 2*t. Give i(4).
6
Let y(m) = 2*m**2 + m. Let c = -8 - -4. Let r(a) be the first derivative of -2*a**3/3 - a**2/2 - 9. Let z(s) = c*y(s) - 5*r(s). Calculate z(-1).
1
Let y(q) = -q**2 + 3*q. Suppose -25 = -18*l + 29. What is y(l)?
0
Suppose -3*b = 2*b - 75. Suppose p - 6*p - b = 0. Let z(a) = a**3 + 3*a**2 + 2*a + 2. What is z(p)?
-4
Let n = 7 + -4. Let u(k) = 4*k**n - 3*k**3 - 2*k**3 - k**2. Let v be (-4)/10 + (-12)/20. Give u(v).
0
Suppose a - 3*w + 5 = 0, -w = -4*a + w - 10. Let b = 8 + a. Let z(t) = t**2 - 7*t + 2. What is z(b)?
-4
Let d be (-3)/(-2) + (-3)/(-6). Let c(s) be the first derivative of -s - 3 + 1/2*s**2 + 1/3*s**3. What is c(d)?
5
Let r(y) = -3*y - 10. Let o be (-1 - 0)*(-24)/(-3). Determine r(o).
14
Let h(o) = 2*o + 16. Let k be h(-7). Suppose -g = 3*g + 5*p + 18, -k*g - 6 = p. Let q(j) = -j**3 - j**2 + j. What is q(g)?
2
Suppose -10 - 10 = -5*g. Let s(a) = -a + g + 6*a - 2*a + a**2 + 2*a. Let o(t) = -t**2 - 4*t + 2. Let y be o(-5). Calculate s(y).
-2
Suppose -n - 4*n + 10 = 0. Let c(k) = n*k**2 + 0*k**2 - 5*k**2 + 1 + k. Determine c(-1).
-3
Let s(r) be the second derivative of -r**5/120 + 3*r**4/8 - 3*r**3/2 + 2*r. Let j(m) be the second derivative of s(m). Determine j(8).
1
Let z be 6 + -1*(-1 + 0). Let h(v) = -3*v**2 + v - 1. Let q be h(2). Let f = z + q. Let s(t) = t - 4. What is s(f)?
-8
Let f(k) = k**3. Let x(m) = m + 1. Suppose -b + 5 = -4*a - 4*b, 2*a = -5*b + 1. Let u be x(a). Let d be f(u). Let h(l) = 7*l + 1. Give h(d).
-6
Let u(a) = -5*a + 3*a - 6*a**3 + 3*a - 2*a**2. Let l(b) = -7*b + 0 + 0 + 6*b. Let m be l(-1). What is u(m)?
-7
Let f = 6 - 0. Let n(x) = 2*x**3 - 7*x**2 - 2*x - 1. Let g(j) = -j**3 + j**2 + j + 1. Let r(u) = -g(u) - n(u). What is r(f)?
6
Let a(c) = 3*c**2 - 2*c - 1. Let z be 3/(-2)*(-12)/(-18). Determine a(z).
4
Let f(s) = -s**2 + s - 1. Suppose 0 = x + p - 4*p + 9, -p = -3. Let d be 0/(-3) - -1 - x. Let r be f(d). Let o(z) = -9*z**3 - 1. What is o(r)?
8
Let z(j) = -j - 2. Let g be 0 + 4 + -2 - -1. Let f be (-2)/(-3)*18/g. Give z(f).
-6
Let m(p) be the second derivative of -p**4/12 + p**2/2 - 4*p. Let i be m(-1). Let s(o) = o - 7. Calculate s(i).
-7
Let u = -123 - -130. Let z(x) = x**3 - 7*x**2 + x + 1. What is z(u)?
8
Suppose 0 = 9*l + 76 - 31. Let d(m) = m + 4. Determine d(l).
-1
Let t(m) be the first derivative of -3*m**4/2 + m**3/3 + m**2/2 - 5. What is t(-1)?
6
Suppose 5*b - 61 = -2*i, -3*i + 28 = 4*b - 53. Suppose 2*t + 6 + i = 5*y, 0 = 3*y + 5*t - 5. Let w(j) = j**3 - 4*j**2 - 6*j + 3. Calculate w(y).
-2
Let b(h) be the second derivative of 5/6*h**3 + 1/60*h**5 + 0 - 1/4*h**4 - h**2 - h. Let f(n) be the first derivative of b(n). Give f(4).
-3
Let p(a) = -a - 3. Let j be p(-5). Let t(m) = -m**2 + j*m + 3*m**2 + m + 3. What is t(-2)?
5
Suppose 14 = 2*b - 3*c, -5*b - 6 = 4*c + 5. Suppose 3*w - 2*p = 16, -b = -7*w + 4*w - p. Let f(g) = -g**2 - 3 - 3*g**2 + g**3 + 2*g + g. Determine f(w).
-5
Suppose 5*r - 13 - 12 = 0. Let c(z) = z - 7. Calculate c(r).
-2
Suppose 12 = 8*b - 3*b - 3*x, 20 = -5*x. Let d(w) be the first derivative of b*w**2 + 3*w - 1/3*w**3 - 3. Determine d(3).
-6
Let k(q) be the first derivative of 1/2*q**2 + 1/3*q**3 - 4 + 5*q. Let c(y) = -y**3 - 4*y**2 + y + 4. Let n be c(-4). Give k(n).
5
Let i(m) = m**3 + 8*m**2 - m + 5. Let a(c) be the second derivative of c**5/20 + 3*c**4/4 - c**3/3 + 3*c**2 + c. Let p(w) = -4*a(w) + 5*i(w). Give p(-2).
3
Let c(h) = 2*h**2 + 3*h - 7. Let k be c(-3). Let x(z) = -2*z**3 + z**2 - z + 2. Give x(k).
-12
Let a(k) = 4*k**2 + 2*k - 1. Let b = 65 + -64. Calculate a(b).
5
Let v(x) = x**3 + x**2 - x + 5. Let j be v(0). Let s(k) be the third derivative of -k**5/60 + 7*k**4/24 - k**3/2 + k**2. What is s(j)?
7
Let p be (-5)/7 + 6/(-21). Let a(l) = -5*l - 3*l**3 + 0*l**3 + 3*l - 1 - l**2. What is a(p)?
3
Suppose 6*n = 2*n + 20. Let a = 3 - 0. Let d(o) = -4 - o - a*o + o**2 - o - o. Give d(n).
-9
Suppose 10 = -8*l + 3*l. Let s(z) be the third derivative of -z**5/30 - z**4/12 + 2*z**2. What is s(l)?
-4
Let q(u) be the first derivative of -u**4/12 + 2*u**3/3 - 5*u - 1. Let t(z) be the first derivative of q(z). Give t(3).
3
Let u(m) be the first derivative of -m**3/3 - 4*m**2 - 9*m + 17. Give u(-6).
3
Let h(j) = -j + 3. Let u be 7 + 5/((-5)/(-2)). Suppose -5*k = -2*k + u. Let m be (k/(-4))/(3/12). Determine h(m).
0
Suppose -3*i - 10 = 2*i. Let d(y) = 2*y**2 + 2*y + 2. Calculate d(i).
6
Let s(w) be the third derivative of -w**6/120 - w**5/15 - w**4/12 - w**3/6 - 19*w**2. Determine s(-2).
-5
Let c(a) = -13*a**3 + 1. Let q(h) = h**3. Let z(f) = c(f) + 6*q(f). Calculate z(-1).
8
Let k(h) = 9 - 11*h**3 + 25*h**3 + 8*h + 0*h**2 - 6*h**2 - 15*h**3. Let r be 3*-1*(-7)/(-3). Calculate k(r).
2
Let s(b) = -7*b**2 + 9*b - 6. Let t(f) = 4*f**2 - 5*f + 3. Let u(n) = -3*s(n) - 5*t(n). Let h(q) = 0*q - 1 - q + 5*q. Let v be h(1). What is u(v)?
6
Let a(r) = -13*r. Suppose -3*h = 4*j - 19, h = 2*j + 3*j. Give a(j).
-13
Let m(w) = -3 + 8*w + 3*w - 10*w. Determine m(-7).
-10
Let r(a) = a + 1. Let b(k) be the third derivative of k**5/60 + k**4/4 + 2*k**3/3 + 3*k**2. Let z be b(-4). Give r(z).
-3
Let l = -2 + 4. Let z(h) be the third derivative of -h**4/8 - h**3/3 + 67*h**2. Determine z(l).
-8
Let b(k) = 9 + k**2 - k**3 - 5 + 5. Let z = 2 + -2. Determine b(z).
9
Let g(k) = 2*k + 1. Let a be g(5). Let t be a/3 - (-1)/3. Let d(s) = s**2 - 4*s + 2. Give d(t).
2
Let a = -105 - -103. Let u(h) = h**3 + 2*h**2 + h - 2. Determine u(a).
-4
Let v(a) = -a**2 - 4*a + 1. Let r be v(-3). Suppose -r*f = -f. Let s(u) = -u + 2. Determine s(f).
2
Suppose 0 = -s + 12 - 13. Let k(y) = -3*y**3 + y**2 + 2*y + 1. Give k(s).
3
Let b(z) = z - 6. Suppose 4*y - 4*f - 51 - 25 = 0, -4*y - 2*f = -76. Let w = -14 + y. Calculate b(w).
-1
Let z(c) be the first derivative of -c**4/4 - 2*c**3/3 - 22. Calculate z(-2).
0
Suppose 0 = -j + 3*j + 6. Let u(v) = 2*v - 2. Let w(n) = 2*n - 3. Let a